 divided by m(5).
5
Let r = 49 - 48. Let d(x) = 2*x - 5. Let b be d(5). What is the remainder when -1 + (b*r - (-2 - 1)) is divided by 2?
1
Let u = 6145 + -6108. What is the remainder when 8287 is divided by u?
36
Let n(t) = t**3 + 30*t**2 + 32*t + 109. Let l = -488 - -459. Calculate the remainder when n(l) is divided by (0 - (2 + -3))*6.
4
Suppose -2*x + 6*h + 82 = h, -4*x + 138 = 3*h. Suppose -7*s - x = -113. Let g(l) = -10*l**3 - 2*l**2 - l + 2. What is the remainder when g(-2) is divided by s?
10
Let t = 75 + 157. Calculate the remainder when t is divided by 33.
1
Suppose -1610778 = -292*c + 6167143 - 420689. What is the remainder when c is divided by 223?
220
Let k = 1459 - 801. Suppose 48*u - 41*u = k. What is the remainder when u is divided by 44?
6
Suppose -2296*l + 2300*l = 240. Calculate the remainder when l is divided by 41.
19
Let b = 26 - 24. Calculate the remainder when b/1 + 2 - -4 is divided by 2.
0
Suppose m + 24 = 7*m. Suppose 2*q - 3*z = 118, -4*q + m*z = -8*q + 236. Calculate the remainder when q is divided by 5.
4
Suppose -7*t + 9 = -4*t. Let u(l) = 35 + 19*l**3 + 13*l**t + 11*l**2 - 30*l**2 + 17*l - 31*l**3. What is the remainder when 81 is divided by u(18)?
13
Calculate the remainder when 136 is divided by (9/15 - 1) + 109*3/5.
6
Let d = -22 - -39. Suppose v = 5*v - 28. Suppose v*j = 10*j - 201. Calculate the remainder when j is divided by d.
16
Suppose 0 = -36*g + 4923 + 11709. Let f = -424 + g. What is the remainder when 95 is divided by f?
19
What is the remainder when ((-360)/(-210))/((-10)/(-32655)) is divided by 797?
19
Let y(r) = 4*r**2 - 18*r - 5. Calculate the remainder when y(7) is divided by (-104)/(-10) + (-105)/(-175).
10
Let n(m) = m**3 - 6*m**2 - 7*m + 10. Suppose -4 + 14 = 5*a, 4*d - 12 = -2*a. Calculate the remainder when n(7) is divided by d.
0
Let y(w) = 2*w**2 - 4*w + 2 + 15*w - 4*w**2 + w. Let i be ((-7)/(-3))/((-70)/(-180)). What is the remainder when 2 is divided by y(i)?
0
Let v(m) = -18*m**2 - 2*m - 2. Let w be v(-2). What is the remainder when 6/(-10) - 18242/w is divided by 44?
40
Suppose -109 = -y + l, -16*y + 20*y - 2*l = 440. Calculate the remainder when y is divided by 20.
11
Let w = -5661 - -9226. What is the remainder when w is divided by 8?
5
Let u be 1/(-1*(-2)/(-4)). Let k = 528 + -436. Calculate the remainder when k is divided by 17 + u*2/(-2).
16
Suppose -13*u + 150 = -58. Suppose 84 = u*x - 14*x. What is the remainder when x is divided by 4?
2
Let x(h) = -3*h**3 - 215*h**2 + 53*h + 420. Calculate the remainder when x(-72) is divided by 112.
108
Let i = -156 - -254. Let g = 2284 + -2182. Let x = g - i. What is the remainder when 32 is divided by x?
0
Suppose 3*j - 154 = -34*d + 29*d, 2*d - 52 = -j. Calculate the remainder when 93 is divided by (-18)/j + (-822)/(-16).
42
Suppose -2*a + 2*v = -44, 92 = 5*a - 4*v - 19. Suppose 0 = 4*b + h - 905, -1 - 1 = -2*h. Calculate the remainder when b is divided by a.
19
Let f = -13191 - -13265. Calculate the remainder when f is divided by (-26)/(-6)*1*3.
9
Suppose 51 = i - 2*z, z + 16 - 18 = 0. Calculate the remainder when 216 is divided by i.
51
Suppose 438 + 234 = 28*m. Calculate the remainder when 619 is divided by m.
19
Calculate the remainder when 637 is divided by 128/(-14)*((-429)/22 - -16).
29
Suppose 13*g = 844 - 753. Calculate the remainder when 661 is divided by g.
3
Suppose 4*f - 256 = -p, -2*p + 134 = f + f. Let n(x) = -x**3 + 16. Let h(l) = l**2 + 4*l + 4. Let v be h(-2). What is the remainder when f is divided by n(v)?
15
Let c be 213*(-4)/(-18) + (-12)/(-18). Let x = -46 + c. Calculate the remainder when 30 is divided by (8/x - -2)/((-57)/(-76)).
6
Suppose -31*s + 35*s + 28 = 8*s. What is the remainder when 1904 is divided by s?
0
Let w = 8 - 5. Calculate the remainder when (-3)/4 + (-138)/(-24) is divided by w.
2
Let w(v) = v**3 + 7*v**2 + 7*v + 51. Let k be w(-7). Suppose -4 = -k*n, -2*n = 5*c - 7*n - 10. Calculate the remainder when 32 is divided by c.
0
Let v = -5221 - -5269. What is the remainder when 499 is divided by v?
19
Suppose -2355 = -19*w + 16*w + 3*z, 2*w - 1598 = -5*z. What is the remainder when w is divided by 88?
85
Suppose 3*b + 128 = -37. Let m = b - -59. Calculate the remainder when 70 is divided by m/6 - 420/(-18).
22
Let u = 1 - -4. Suppose -3*q + 51 + 14 = -u*x, -q + 23 = -2*x. Let y = -51 + 94. What is the remainder when y is divided by q?
13
Let d(m) = -11*m - 16*m**2 - 4*m**2 + 25*m**2 + 15. Calculate the remainder when 111 is divided by d(3).
3
Let u = 318 + -293. What is the remainder when 181 is divided by u?
6
Let i = -242 - -843. Calculate the remainder when i is divided by 101.
96
Let r = -74 - -229. Suppose 4*u = s, -4*u - 42 = -5*s - 5*u. Suppose 3*h + s*h - 286 = 0. Calculate the remainder when r is divided by h.
25
Suppose y - 3*t = -87, 4*t + 516 - 176 = -5*y. Let g = y + 195. Let f(v) = -851*v - 8485. What is the remainder when g is divided by f(-10)?
23
Let t = -13 + 13. Suppose -2*c - 2*y - 2*y + 88 = t, -4*c = 4*y - 172. Let v(s) = -8*s + 296. What is the remainder when c is divided by v(35)?
10
Suppose -3*w + 14 + 1 = 0. Suppose 4 = -p - w. Let r(s) = -s**2 - 13*s + 4. What is the remainder when r(p) is divided by 22?
18
Let i = -234 - -284. Suppose 4*q = q - n + 136, -5*n + i = q. Calculate the remainder when 176 is divided by q.
41
Let f = -93 - -96. Calculate the remainder when 142 is divided by 1/f + (-210)/(-18) + 4.
14
Let d(s) = -37*s**3 + 3*s**2 + 1672*s + 1669. Calculate the remainder when (662/(-1))/(-2)*1 is divided by d(-1).
35
Let d(w) = -9*w + 114. Let n be d(5). Calculate the remainder when ((-46)/n)/((-2)/201) is divided by 17.
16
Suppose -k + 3*k = -5*n + 68, -5*k = n - 9. Suppose 4*d = 3*a + 2*d - 100, -5*a = -3*d - 167. Calculate the remainder when a is divided by 8/28 + 164/n.
10
Suppose -m - 2*d + 27 = -50, 0 = 5*d + 25. Let n = m + -85. Suppose -2*s = -4*a + 60, -6*a = -n*a + 2*s - 76. Calculate the remainder when 98 is divided by a.
13
Let m(l) = 160*l**2 - 18*l + 16. Let y be m(1). Suppose 19*o - 14*o = -10, 0 = 4*k - 5*o - y. Let t = 28 - 14. Calculate the remainder when k is divided by t.
9
Let m = -841 - -675. What is the remainder when m/(-12) + (-74)/(-444) is divided by 5?
4
Calculate the remainder when ((-1372224)/100)/(-3) + (-436)/5450 is divided by 52.
50
Let a(k) = k + 9. Let b be a(-17). Let z(u) = -10*u + 7. What is the remainder when z(b) is divided by 23?
18
Let p = 33 - 32. Let u(z) be the first derivative of 4*z**3/3 - 19. Calculate the remainder when u(p) is divided by 3.
1
Suppose -129*u - 9818 = -31361. What is the remainder when 182 is divided by u?
15
Suppose 382*t - 1135 = -5399 + 51632. Calculate the remainder when 463 is divided by t.
91
Suppose -4*k - 9441 + 9605 = 0. What is the remainder when 328 is divided by k?
0
Let d = 698 + -404. What is the remainder when d is divided by 88?
30
What is the remainder when 306/1377 - (-54372)/27 is divided by 65?
64
Let u(q) = -q**3 - 11*q**2 - 19*q - 20. Let k be -3 + 5 + -3 + -4 + -5. Let j = 44 + -20. What is the remainder when u(k) is divided by j?
22
Suppose 4*d = 0, -4*d + 9*d = -3*x + 54. Suppose 0 = -18*u + 4544 - 1682. Calculate the remainder when u is divided by x.
15
Let g(t) = -32*t + 5. Calculate the remainder when g(-4) is divided by -162*(-20)/(-42)*(-210)/225.
61
Suppose 1159*b = 1142*b + 306. What is the remainder when 616 is divided by b?
4
Suppose -4*d + 540 = -2*y, 4*y + 23 - 31 = 0. What is the remainder when d is divided by 118?
18
Let j(f) = 18*f + 158. Let w be j(-13). Let q = w - -255. What is the remainder when q is divided by 61?
57
Suppose 6*t + 864 = 4*g + t, 4*t - 828 = -4*g. Let c = -95 + g. Let l(x) = 2*x**2 + 23*x - 15. Calculate the remainder when c is divided by l(-13).
20
Suppose -o = 5*x - 47, 4*o = 6*x - 2*x - 52. Let f be (10/(-6))/((-1)/(-3)). Let c = f + x. What is the remainder when 19 is divided by c?
4
Suppose 25*q = 14038 - 1313. Let b = 516 - q. What is the remainder when 82 is divided by b?
5
Let w = -365 - -332. Let y be ((-32)/10)/(4/(-50)). Let h = y + w. What is the remainder when h is divided by 6?
1
Let a = 26495 - 26298. Calculate the remainder when 1012 is divided by a.
27
Calculate the remainder when (-3)/1 - 24/(-11 - (-21876)/1992) is divi